{"id":146,"date":"2023-07-16T11:38:44","date_gmt":"2023-07-16T11:38:44","guid":{"rendered":"https:\/\/www.monchiendereve.ca\/?page_id=146"},"modified":"2023-08-13T16:30:54","modified_gmt":"2023-08-13T16:30:54","slug":"entrainement-par-concept","status":"publish","type":"page","link":"https:\/\/www.monchiendereve.ca\/index.php\/entrainement-par-concept\/","title":{"rendered":"L&rsquo;Entrainement."},"content":{"rendered":"\n<p>Pour aider Wicket, j&rsquo;ai finalement trouv\u00e9 l&rsquo;entrainement par concept: Absolute dogs. C&rsquo;est l&rsquo;entrainement qui nous convient, qui nous plait !<\/p>\n\n\n\n<p>A chacun ses techniques d&rsquo;entrainements et d&rsquo;apprentissages. Puisque chaque duo est unique. &nbsp;Je crois que l\u2019entrainement l\u2019est tout autant. \u00c9videmment, je ne pr\u00f4ne pas les m\u00e9thodes dit aversives ! (ex; Collier \u00e9lectrique, \u00e9touff\u00e9 le chien s\u2019il n\u2019\u00e9coute pas, la domination, les coups, ect.)&nbsp; Je suis contre a 100%. Ce sont de vieilles m\u00e9thodes ! Au fils des ann\u00e9es, les sp\u00e9cialistes se sont rendu compte que ces m\u00e9thodes \u00e9taient peu efficaces. Pourquoi ? :<\/p>\n\n\n\n<ol class=\"wp-block-list\" type=\"1\">\n<li>Stress et peur : Les m\u00e9thodes aversives utilisent souvent des stimuli d\u00e9sagr\u00e9ables ou douloureux pour punir les comportements ind\u00e9sirables. Cela peut provoquer du stress et de la peur chez le chien, ce qui nuit \u00e0 son bien-\u00eatre \u00e9motionnel. Un chien qui est constamment soumis \u00e0 des punitions peut devenir anxieux, agressif ou d\u00e9velopper d&rsquo;autres probl\u00e8mes de comportement. Imagin\u00e9 maintenant les d\u00e9gats sur un chien d\u00e9j\u00e0 peureux ou et anxieux\u2026.<\/li>\n\n\n\n<li>Apprentissage limit\u00e9 : Les m\u00e9thodes aversives se concentrent souvent sur la suppression des comportements ind\u00e9sirables sans offrir d&rsquo;alternatives positives ou d&rsquo;enseignement clair au chien. Cela signifie que le chien apprend simplement \u00e0 \u00e9viter les punitions plut\u00f4t qu&rsquo;\u00e0 comprendre ce qui est attendu de lui. Par cons\u00e9quent, il peut ne pas apprendre les comportements souhait\u00e9s de mani\u00e8re coh\u00e9rente.<\/li>\n\n\n\n<li>Relation d\u00e9t\u00e9rior\u00e9e : L&rsquo;utilisation de m\u00e9thodes aversives peut nuire \u00e0 la relation entre le chien et son propri\u00e9taire. Le chien peut associer les punitions \u00e0 la pr\u00e9sence du propri\u00e9taire, ce qui peut conduire \u00e0 une perte de confiance et \u00e0 une diminution de la volont\u00e9 de coop\u00e9rer. Au lieu de d\u00e9velopper une relation bas\u00e9e sur la confiance et la coop\u00e9ration mutuelle, la relation peut devenir bas\u00e9e sur la peur et l&rsquo;\u00e9vitement.<\/li>\n\n\n\n<li>Effets ind\u00e9sirables : Les m\u00e9thodes aversives peuvent avoir des effets ind\u00e9sirables, notamment l&rsquo;aggravation des probl\u00e8mes de comportement, l&rsquo;apparition de comportements agressifs, la suppression de comportements naturels et appropri\u00e9s, et l&rsquo;augmentation de l&rsquo;anxi\u00e9t\u00e9 chez le chien.<\/li>\n<\/ol>\n\n\n\n<p>Ces m\u00e9thodes sont d\u00e9pass\u00e9es. Je fais souvent le parall\u00e8le avec les enfants.&nbsp; Avant, une bonne CLAQUE \u00e9tait de mise. Maintenant, on ferait les premi\u00e8res pages des Nouvelles ! &nbsp;Tous comme l\u2019\u00e9ducation des enfants, le R+ ne signifie pas non plus de tous permettre aux chiens (ou aux enfants) mais bien de lui trouver un comportement appropri\u00e9 dans la situation que l\u2019on d\u00e9sire.<br><br>Pour avoir vu plusieurs \u00e9ducateurs(trices) en R+, je peux vous assurer que certain sont meilleurs que d\u2019autres et qu\u2019ils n\u2019ont pas tous la m\u00eame d\u00e9finition du R+. Puisque l\u2019humain est unique, il met sa \u00ab&nbsp;sauce personnelle&nbsp;\u00bb dans sa pratique. &nbsp;J\u2019ai eu un(e) entraineur(trice) qui se disait en R+ mais qui me disait de ne pas prendre mon chien lorsqu\u2019il avait peur car je renfor\u00e7ais sa peur. &nbsp;Que je devais manger avant lui pour lui montrer que j\u2019\u00e9tais le chef de meute\u2026 Que je devais dominer mon chien\u2026. Alors un conseil ! SI vous ne vous sentez pas en confiance, changez !&nbsp; Il y a toujours un(e) entraineur(trice) qui sera parfait pour vous ! Dites d\u00e8s le d\u00e9part ce que vous voulez et ce que vous ne voulez pas. &nbsp;<\/p>\n\n\n\n<p>Ensuite choisir la m\u00e9thode d\u2019apprentissage.<\/p>\n\n\n\n<p>Certaine personne pr\u00e9f\u00e8re le cours en pr\u00e9sentiel de groupe ou individuel. Il existe aussi des garderies \u00e9ducatives qui entraine le chien \u00e0 votre place. D\u2019autres en ligne (Surtout pour un chien tr\u00e8s r\u00e9actif aux humains) avec ou sans support de l\u2019\u00e9ducateur(trice). Pensez a vos choix avant de chercher votre entrainement.<\/p>\n\n\n\n<p>Personnellement, puisque Wicket d\u00e9teste les humains, apr\u00e8s avoir vu plusieurs \u00e9ducateurs(trices) sans grand succ\u00e8s, on est pass\u00e9 au cours en zoom et en ligne. C\u2019est vraiment ce qui nous a aid\u00e9.&nbsp; Au d\u00e9but, j\u2019avais besoin d\u2019une guide. J\u2019ai donc opt\u00e9 pour des cours individuels par zoom.&nbsp; J\u2019ai alors rencontr\u00e9 <a rel=\"noreferrer noopener\" href=\"https:\/\/www.facebook.com\/comportanimal\" target=\"_blank\">Catherine<\/a> (Entraineuse par concept Absolute Dogs ) qui a chang\u00e9 notre vie ! &nbsp;C\u2019\u00e9tait si \u00ab&nbsp;facile&nbsp;\u00bb\u2026. Et surtout si efficace !!! Des jeux.. des concepts de jeux qui aide l\u2019apprentissage ! Exactement comme les concepts de jeux que je mets en place pour les enfants de mon service de garde ! Pourquoi je n&rsquo;y ai pas pens\u00e9 avant !!???&nbsp;<br>Pouss\u00e9e par les progr\u00e8s de Wicket, j\u2019ai saut\u00e9 le pas pour en apprendre plus et aider dans nos jeux d\u2019apprentissage. J\u2019ai commenc\u00e9 les formations pour \u00eatre entraineuse par concept.&nbsp; Pas dans le but d\u2019en faire un m\u00e9tier.&nbsp; Mais pour mieux comprendre, pour apprendre ! J\u2019en suis rendue l\u00e0 dans ma pyramide de Maslow. \ud83c\udf31  <\/p>\n\n\n\n<p><img loading=\"lazy\" decoding=\"async\" width=\"150\" height=\"166\" class=\"wp-image-161\" style=\"width: 150px;\" src=\"https:\/\/www.monchiendereve.ca\/wp-content\/uploads\/2023\/07\/pyramide-60.jpg\" alt=\"Maslow\" srcset=\"https:\/\/www.monchiendereve.ca\/wp-content\/uploads\/2023\/07\/pyramide-60.jpg 617w, https:\/\/www.monchiendereve.ca\/wp-content\/uploads\/2023\/07\/pyramide-60-271x300.jpg 271w\" sizes=\"auto, (max-width: 150px) 100vw, 150px\" \/><\/p>\n\n\n\n<p> <a href=\"https:\/\/www.revuegestion.ca\/besoins-et-motivations-une-nouvelle-pyramide-de-maslow\">https:\/\/www.revuegestion.ca\/besoins-et-motivations-une-nouvelle-pyramide-de-maslow<\/a><br><\/p>\n\n\n\n<p>Je vais vous parler bien \u00e9videmment, de l&rsquo;entra\u00eenement de mon chien et des techniques d&rsquo;entra\u00eenement en g\u00e9n\u00e9ral, notamment celles utilis\u00e9es par Absolute Dogs qui se basent sur des concepts de jeux. Cette approche ludique rend l&rsquo;apprentissage canin amusant et renforce la relation entre le chien et son propri\u00e9taire. Les m\u00e9thodes bas\u00e9es sur les jeux sont efficaces pour rendre l&rsquo;entra\u00eenement agr\u00e9able tout en favorisant la communication et la compr\u00e9hension mutuelle. Je suis ravi de partager mon exp\u00e9rience d&rsquo;entra\u00eenement avec vous.<br>Mais\u2026 qu\u2019est-ce que c\u2019est que l\u2019entrainement par concept ? <\/p>\n\n\n\n<p class=\"has-medium-font-size\"><strong><mark style=\"background-color:rgba(0, 0, 0, 0)\" class=\"has-inline-color has-vivid-green-cyan-color\"><a href=\"https:\/\/www.monchiendereve.ca\/index.php\/entrainement-par-concept\/presentation-des-jeux-par-concepts\/\">Pr\u00e9sentation des jeux par concepts<\/a><\/mark><\/strong><\/p>\n\n\n\n<p>Pages suivantes cat\u00e9gorie entrainement :<\/p>\n\n\n\n<p><a href=\"https:\/\/www.monchiendereve.ca\/index.php\/entrainement-par-concept\/presentation-des-jeux-par-concepts\/\">Pr\u00e9sentation des concepts<\/a> &#8211; <a href=\"https:\/\/www.monchiendereve.ca\/index.php\/entrainement-par-concept\/neuroscience-et-la-theorie-polyvagale\">La neuroscience et la th\u00e9orie polyvagale<\/a>  &#8211; <a href=\"https:\/\/www.monchiendereve.ca\/index.php\/entrainement-par-concept\/lenrichissement\/\">Les enrichissements<\/a> &#8211; <a href=\"https:\/\/www.monchiendereve.ca\/index.php\/entrainement-par-concept\/la-chaudiere-de-stress\/\">La chaudi\u00e8re de stress<\/a><\/p>\n","protected":false},"excerpt":{"rendered":"<p>Pour aider Wicket, j&rsquo;ai finalement trouv\u00e9 l&rsquo;entrainement par concept: Absolute dogs. C&rsquo;est l&rsquo;entrainement qui nous convient, qui nous plait ! A chacun ses techniques d&rsquo;entrainements et d&rsquo;apprentissages. Puisque chaque duo est unique. &nbsp;Je crois que l\u2019entrainement l\u2019est tout autant. \u00c9videmment, je ne pr\u00f4ne pas les m\u00e9thodes dit aversives ! (ex; Collier \u00e9lectrique, \u00e9touff\u00e9 le chien&#8230;<\/p>\n","protected":false},"author":1,"featured_media":0,"parent":0,"menu_order":0,"comment_status":"closed","ping_status":"closed","template":"","meta":{"iawp_total_views":26,"footnotes":""},"class_list":["post-146","page","type-page","status-publish","hentry"],"_links":{"self":[{"href":"https:\/\/www.monchiendereve.ca\/index.php\/wp-json\/wp\/v2\/pages\/146","targetHints":{"allow":["GET"]}}],"collection":[{"href":"https:\/\/www.monchiendereve.ca\/index.php\/wp-json\/wp\/v2\/pages"}],"about":[{"href":"https:\/\/www.monchiendereve.ca\/index.php\/wp-json\/wp\/v2\/types\/page"}],"author":[{"embeddable":true,"href":"https:\/\/www.monchiendereve.ca\/index.php\/wp-json\/wp\/v2\/users\/1"}],"replies":[{"embeddable":true,"href":"https:\/\/www.monchiendereve.ca\/index.php\/wp-json\/wp\/v2\/comments?post=146"}],"version-history":[{"count":13,"href":"https:\/\/www.monchiendereve.ca\/index.php\/wp-json\/wp\/v2\/pages\/146\/revisions"}],"predecessor-version":[{"id":487,"href":"https:\/\/www.monchiendereve.ca\/index.php\/wp-json\/wp\/v2\/pages\/146\/revisions\/487"}],"wp:attachment":[{"href":"https:\/\/www.monchiendereve.ca\/index.php\/wp-json\/wp\/v2\/media?parent=146"}],"curies":[{"name":"wp","href":"https:\/\/api.w.org\/{rel}","templated":true}]}}